/((-6)/4). What is the highest common divisor of j and d?
4
Let y = -44 - -180. Let l(b) = -3*b - 6. Let p(a) = 2*a + 3. Let g(j) = -2*l(j) - 5*p(j). Let q be g(-5). What is the greatest common divisor of q and y?
17
Let k be (2/(-3))/(2/(-27)). Suppose 5*a + 2*z - 7 = 0, -a + 4 = -5*z + 8. What is the greatest common factor of a and k?
1
Let p(t) = -t**3 - 16*t**2 + 17*t + 12. Let o be p(-17). Calculate the highest common divisor of 16 and o.
4
Let w = -36 - -124. Suppose 4*a - 6 = 4*d - 22, -12 = -3*a. Calculate the highest common factor of d and w.
8
Let y = 6 + 0. Let v be (1/(-3) + 1)*y. Suppose -w - v*w - 105 = -2*q, 4*w + 57 = q. What is the highest common factor of q and 18?
9
Suppose -3*m + 42 = 3*s, -2*m = -2*s - 12 - 20. Calculate the greatest common divisor of 5 and m.
5
Let u be (-403)/(-5) + (-2)/(-5). Suppose -t - 2 + 1 = 0, -2*t - 18 = -2*k. Let p(f) = f + 1. Let s be p(k). What is the highest common divisor of s and u?
9
Let g = 85 + -81. Calculate the highest common factor of 16 and g.
4
Suppose -560 = -0*t - 5*t. Let u be ((-8)/5)/(4/(-10)). Suppose -u*i = -5*z + 3*z - 66, 4*i - 59 = -5*z. What is the greatest common factor of t and i?
16
Let d be 3 - -2*(-2)/(-4). Suppose -4*b = -b - 96. Calculate the highest common factor of b and d.
4
Suppose 6 = -3*a, -5*k - 3*a - a + 262 = 0. Calculate the greatest common factor of 6 and k.
6
Let m(q) = -10*q - 3. Let r be m(-2). Let j = -5 + r. Calculate the greatest common factor of j and 36.
12
Suppose 5*a + 181 = -84. Let i be a/(-2) + (-14)/28. Calculate the greatest common divisor of 234 and i.
26
Let y = 50 - 28. Suppose 5 = f + 3. Let z be (-1)/f + 134/4. Calculate the greatest common divisor of z and y.
11
Let u be 1*((-4)/4 + 2). What is the greatest common divisor of u and 1?
1
Let q be 1*(152 - (2 - 2)). Suppose 3*a - q - 367 = 0. Let b = a + -121. What is the greatest common divisor of 13 and b?
13
Let k = -6 + 13. Let s(g) = -g**2 + 7*g + 1. Let f be s(6). Suppose 2*c - c = f. Calculate the greatest common divisor of k and c.
7
Suppose -5*f - 4 = 1. Let u(k) = -19*k - 1. Let m be u(f). Let s = -7 + m. What is the highest common factor of 33 and s?
11
Let m be ((-2)/5)/((-6)/150). Let q be (72/(-15))/((-3)/m). What is the greatest common divisor of 2 and q?
2
Suppose 5*x = 3*x + 120. Suppose x = a + 4*a. What is the greatest common divisor of 48 and a?
12
Let j be 2/9 - 14/(-18). Suppose 7 = 3*a + j. Suppose -a*b - 2*b + 288 = 0. Calculate the highest common divisor of b and 18.
18
Suppose 1 = 5*n + 11, 0 = -4*l - 4*n + 16. Let a = 196 + -130. What is the greatest common divisor of a and l?
6
Let w(i) = 13*i - 5. Let s be w(4). Suppose -4*f - 11 + s = 0. What is the highest common factor of 63 and f?
9
Let w(k) = 11*k - 1. Suppose 0 = -2*y + 3*y - 3*z + 11, y - 5*z + 19 = 0. Let c be w(y). Calculate the highest common divisor of c and 80.
10
Let m be (-1)/6 + 1083/18. What is the highest common divisor of m and 40?
20
Suppose 4*p + 2*v - 310 = 0, -4*p = p - 5*v - 410. Let x = -55 + p. Calculate the greatest common divisor of 8 and x.
8
Let o be (-232)/(-4) - (2 + 1). Let p(a) = -a**3 + 5*a**2 - 2*a + 3. Let b be p(4). What is the highest common factor of o and b?
11
Let v be 2/((-4)/(-60 - 4)). Let i be 8 + -7 + 15/1. Calculate the highest common divisor of v and i.
16
Let n(u) = u**3 - 4*u**2 + u + 1. Let t be n(4). What is the highest common factor of 4 and t?
1
Suppose 2*v - 31 = 149. Suppose 20 = 4*w, p + 4*w = 3*p - 52. What is the greatest common divisor of v and p?
18
Let v = 186 - 66. Let x(h) = h**2 - h + 15. Let j be x(0). Calculate the highest common factor of v and j.
15
Let l(j) = 2*j**2 + 3*j - 1. Let h be l(1). What is the highest common factor of h and 44?
4
Let w(g) = -g**2 + 11*g - 1. Let d be w(7). Let i = 15 - d. Let k = -7 - i. Calculate the greatest common factor of k and 15.
5
Let d = 1 - -9. What is the highest common factor of 10 and d?
10
Let w be (97/(-9) + 2/(-9))*-1. What is the greatest common divisor of w and 22?
11
Suppose 2*w - 37 = -0*s + 3*s, 4*w - 5*s = 77. Let m = w - 8. Calculate the greatest common divisor of m and 3.
3
Let k(z) = -z**2 - z + 1. Let o = 2 + -2. Let r be k(o). What is the greatest common factor of r and 2?
1
Suppose 0*d - 3*d = -j - 63, -d = 5*j - 21. Suppose 4*m = -4*s - 36, m - 28 + 9 = s. Let i = 17 + s. Calculate the greatest common factor of d and i.
3
Let z = -22 - -47. Suppose 2*u - 5 = -5*q, -4*u - 2*q - 2*q = -16. Calculate the highest common divisor of u and z.
5
Suppose -7 = -2*y + 29. Calculate the highest common divisor of y and 12.
6
Let a be ((-17)/2 + 1)/(9/(-60)). Let f = -7 - -27. Calculate the highest common factor of f and a.
10
Suppose -4 + 1 = -3*g. Let b be 1/(g - 45/46). What is the highest common factor of 115 and b?
23
Let c be ((-4)/12)/((-2)/12). Suppose -c*a + 20 = -0*a. Calculate the greatest common factor of a and 40.
10
Let r be (-33)/(-2) - (-10)/20. What is the greatest common divisor of 187 and r?
17
Let d be 51/12 - (-1)/(-4). Suppose -k = -3*k - g - 55, 3*k + 70 = -d*g. Let c be k/(-3*(-1)/(-2)). Calculate the greatest common divisor of c and 5.
5
Let v = 27 - 15. What is the greatest common divisor of v and 24?
12
Let j(w) = w + 4. Let v be j(-2). Let z = -1 - -3. Let b be (3/2)/(z/4). Calculate the highest common factor of b and v.
1
Let i be 58 + -6 + 3 + 0. Suppose -2*l = -2 - 6. Suppose -22 - 22 = -l*n. Calculate the greatest common factor of i and n.
11
Let u be (1*3)/(15/20). Suppose -3*c - 2*s = -19, 4*c - 9*s = -u*s + 33. Let p = c + -4. What is the greatest common factor of p and 9?
3
Let l = -2 + 16. Suppose 2*n + 463 = 5*n - d, -n + 150 = 4*d. What is the highest common factor of l and n?
14
Suppose -w = 4*w - 120. Let r(t) = -5*t - 5 + 2*t + t - 1. Let x be r(-7). Calculate the greatest common factor of w and x.
8
Suppose -3*s + 5*s = 2. Suppose 4*r - 2*f = -2, -5 = 2*f - 3*f. Let m(q) = q - 1. Let l be m(r). Calculate the highest common divisor of s and l.
1
Let s(d) = 5*d - 2. Let i be s(-2). Let q be (-408)/i + 0 + 1. Suppose 2*c = -5*t + 68, 3*t + t + 2*c - 54 = 0. What is the greatest common divisor of q and t?
7
Let g(b) = -2*b**2 - 1. Let q be g(1). Let f = 151 + -129. Let p be f*(10/(-4) - q). What is the greatest common divisor of 11 and p?
11
Suppose d + 5*d = 156. What is the greatest common factor of 26 and d?
26
Suppose 2*x - 3*x + 122 = h, 4*h - 5*x - 479 = 0. Suppose 9 - 53 = -4*g. Calculate the highest common divisor of g and h.
11
Let u(k) = k**3 - 3*k**2 - 5*k - 3. Let p be u(5). What is the greatest common divisor of 2 and p?
2
Let b(r) = r**2 + 4*r - 11. Suppose -6 = 2*x + 10. Let o be b(x). Suppose -v - 3 = 0, -s - 2*v + 1 = -0*v. What is the greatest common factor of s and o?
7
Let d(q) = -7*q**2 + 2*q + 1. Let r be d(-1). Let n be -3 + 2 + (3 - r). Let o = -5 + n. Calculate the greatest common factor of o and 5.
5
Suppose 4*i + 5*f - 41 = 0, 3*i - 5*i + 18 = 2*f. Let o = 3 + 2. Suppose -90 = -3*v - r - r, -o*r + 71 = 2*v. What is the greatest common divisor of i and v?
4
Suppose q + 4*n = 6*q - 233, 2*n - 41 = -q. What is the greatest common factor of 5 and q?
5
Let m(q) = -16*q**3 - 5*q**2 - 4*q - 3. Let t be m(-3). Calculate the highest common divisor of t and 36.
36
Suppose t - 4 = 3*s - 3, 5 = -t + 5*s. What is the greatest common divisor of 2 and t?
2
Let o = -428 - -431. Suppose 0 = 4*r - 2 - 6. What is the highest common factor of r and o?
1
Suppose 0*v + 5*v - 2*f = 14, 0 = v - 3*f + 5. Suppose -v*c = -0*b - b + 7, -2*b - 2*c = -4. Let m = 8 - 5. What is the greatest common factor of b and m?
3
Let a be (-9)/(-1*3)*1. Suppose -a = -2*v + 17. Let u = 175 - 135. Calculate the greatest common factor of u and v.
10
Suppose 0 = c - 5, 0 = -0*t - 2*t + 5*c + 7. What is the highest common factor of t and 32?
16
Suppose 5*i = 3*c - 1405, -c + 6*c - 2321 = -2*i. Suppose -5*j = -5*u - c, -4*u - 15 = -3. What is the greatest common divisor of j and 10?
10
Suppose -116 = -3*i + 5*i. Let u = i + 84. What is the highest common factor of u and 39?
13
Let j(w) = w**2 - 4*w - 3. Let n be j(5). Suppose -4*m = -12, 2*h = n*m - 7*m + 43. Calculate the greatest common divisor of h and 2.
2
Let a(r) = 2*r - 2. Let b be a(3). Suppose -25 - 7 = -b*x. Calculat